{"id":241,"date":"2025-04-04T10:49:30","date_gmt":"2025-04-04T10:49:30","guid":{"rendered":"https:\/\/chaire-energie.bordeaux-inp.fr\/?page_id=241"},"modified":"2025-04-08T18:14:51","modified_gmt":"2025-04-08T18:14:51","slug":"offres-de-theses-et-de-stage","status":"publish","type":"page","link":"https:\/\/chaire-energie.bordeaux-inp.fr\/index.php\/offres-de-theses-et-de-stage\/","title":{"rendered":"Offres de th\u00e8ses et de stage"},"content":{"rendered":"\n<div class=\"wp-block-group is-vertical is-layout-flex wp-container-core-group-layout-1 wp-block-group-is-layout-flex\">\n<p>Cette page r\u00e9pertorie un ensemble d&#8217;offres de contrats de th\u00e8ses (publiques ou CIFRE) et de stages dans le p\u00e9rim\u00e8tre de la chaire, propos\u00e9es par la communaut\u00e9, dans le but de les partager plus largement aux publics vis\u00e9s (\u00e9l\u00e8ves en cours et en fin de formation). Ces offres <span style=\"text-decoration: underline;\">ne sont pas financ\u00e9es par la chaire<\/span>, ni m\u00eame sponsoris\u00e9es directement (sauf mention sp\u00e9ciale).<\/p>\n\n\n\n<details class=\"wp-block-details is-style-default is-layout-flow wp-container-core-details-layout-1 wp-block-details-is-layout-flow\" style=\"border-style:none;border-width:0px\"><summary>P<span style=\"text-decoration: underline;\">our les candidat\u00b7es<\/span><\/summary>\n<p style=\"margin-right:var(--wp--preset--spacing--40);margin-left:var(--wp--preset--spacing--40)\">Les personnes \u00e0 contacter sont pr\u00e9cis\u00e9es dans chaque offre individuelle (en aucun cas la chaire ne relaiera une candidature qui lui serait envoy\u00e9e).<\/p>\n<\/details>\n\n\n\n<details class=\"wp-block-details is-layout-flow wp-block-details-is-layout-flow\"><summary><span style=\"text-decoration: underline;\">Pour les employeurs<\/span><\/summary>\n<p style=\"margin-right:var(--wp--preset--spacing--40);margin-left:var(--wp--preset--spacing--40)\"><a href=\"https:\/\/chaire-energie.bordeaux-inp.fr\/index.php\/contact\/\" data-type=\"page\" data-id=\"76\">Transmettez nous<\/a> votre offre par email afin que nous la partagions !<\/p>\n<\/details>\n<\/div>\n\n\n\n<hr class=\"wp-block-separator has-alpha-channel-opacity\"\/>\n\n\n\n<div class=\"wp-block-gutena-tabs gutena-tabs-block gutena-tabs-block-d11879-aa\"><ul class=\"gutena-tabs-tab tab-center\"><li class=\"gutena-tab-title active\" data-tab=\"1\"><div class=\"gutena-tab-title-content icon-top\"><div class=\"gutena-tab-title-text\"><div>Th\u00e8ses<\/div><\/div><\/div><\/li><li class=\"gutena-tab-title inactive\" data-tab=\"2\"><div class=\"gutena-tab-title-content icon-top\"><div class=\"gutena-tab-title-text\"><div>Stages<\/div><\/div><\/div><\/li><\/ul><div class=\"gutena-tabs-content is-layout-flow wp-block-tabs-is-layout-flow\">\n<div class=\"wp-block-gutena-tab gutena-tab-block gutena-tab-block-24bbef-1e active\" data-tab=\"1\"><ul class=\"wp-block-latest-posts__list has-dates wp-block-latest-posts\"><li><div class=\"wp-block-latest-posts__featured-image\"><a href=\"https:\/\/chaire-energie.bordeaux-inp.fr\/index.php\/2025\/05\/26\/these-a-lifremer-generalization-of-the-tidal-turbine-wakes-dynamic-in-unsteady-operating-conditions\/\" aria-label=\"Th\u00e8se \u00e0 l&#8217;IFREMER : Generalization of the tidal turbine wakes dynamic in unsteady operating conditions\"><img loading=\"lazy\" decoding=\"async\" width=\"300\" height=\"103\" src=\"https:\/\/chaire-energie.bordeaux-inp.fr\/wp-content\/uploads\/2025\/05\/Ifremer.svg-300x103.png\" class=\"attachment-medium size-medium wp-post-image\" alt=\"\" style=\"max-width:150px;max-height:150px;\" srcset=\"https:\/\/chaire-energie.bordeaux-inp.fr\/wp-content\/uploads\/2025\/05\/Ifremer.svg-300x103.png 300w, https:\/\/chaire-energie.bordeaux-inp.fr\/wp-content\/uploads\/2025\/05\/Ifremer.svg.png 512w\" sizes=\"(max-width: 300px) 100vw, 300px\" \/><\/a><\/div><a class=\"wp-block-latest-posts__post-title\" href=\"https:\/\/chaire-energie.bordeaux-inp.fr\/index.php\/2025\/05\/26\/these-a-lifremer-generalization-of-the-tidal-turbine-wakes-dynamic-in-unsteady-operating-conditions\/\">Th\u00e8se \u00e0 l&#8217;IFREMER : Generalization of the tidal turbine wakes dynamic in unsteady operating conditions<\/a><time datetime=\"2025-05-26T11:50:47+00:00\" class=\"wp-block-latest-posts__post-date\">26\/05\/2025<\/time><div class=\"wp-block-latest-posts__post-excerpt\"><\/div><\/li>\n<li><div class=\"wp-block-latest-posts__featured-image\"><a href=\"https:\/\/chaire-energie.bordeaux-inp.fr\/index.php\/2025\/04\/07\/these-a-lifp-energies-nouvelles-wind-energy-cost-minimization-by-wind-turbine-control-adaptation-to-wind-farm-flow-control\/\" aria-label=\"Th\u00e8se \u00e0 l&#8217;IFP \u00c9nergies nouvelles : Wind energy cost minimization by wind turbine control adaptation to wind farm flow control\"><img loading=\"lazy\" decoding=\"async\" width=\"298\" height=\"136\" src=\"https:\/\/chaire-energie.bordeaux-inp.fr\/wp-content\/uploads\/2025\/04\/Logo_IFPEN.png\" class=\"attachment-medium size-medium wp-post-image\" alt=\"\" style=\"max-width:150px;max-height:150px;\" \/><\/a><\/div><a class=\"wp-block-latest-posts__post-title\" href=\"https:\/\/chaire-energie.bordeaux-inp.fr\/index.php\/2025\/04\/07\/these-a-lifp-energies-nouvelles-wind-energy-cost-minimization-by-wind-turbine-control-adaptation-to-wind-farm-flow-control\/\">Th\u00e8se \u00e0 l&#8217;IFP \u00c9nergies nouvelles : Wind energy cost minimization by wind turbine control adaptation to wind farm flow control<\/a><time datetime=\"2025-04-07T08:10:54+00:00\" class=\"wp-block-latest-posts__post-date\">07\/04\/2025<\/time><div class=\"wp-block-latest-posts__post-excerpt\"><\/div><\/li>\n<li><div class=\"wp-block-latest-posts__featured-image\"><a href=\"https:\/\/chaire-energie.bordeaux-inp.fr\/index.php\/2025\/04\/07\/these-a-lirdl-jumeau-numerique-base-sur-lapprentissage-automatique-pour-le-diagnostic-et-le-pronostic-des-defaillances-et-du-biofouling-des-hydroliennes\/\" aria-label=\"Th\u00e8se \u00e0 l&#8217;IRDL : Jumeau num\u00e9rique bas\u00e9 sur l&#8217;apprentissage automatique pour le diagnostic et le pronostic des d\u00e9faillances et du biofouling des hydroliennes\"><img loading=\"lazy\" decoding=\"async\" width=\"300\" height=\"164\" src=\"https:\/\/chaire-energie.bordeaux-inp.fr\/wp-content\/uploads\/2025\/04\/logo-irdl-300x164.png\" class=\"attachment-medium size-medium wp-post-image\" alt=\"\" style=\"max-width:150px;max-height:150px;\" srcset=\"https:\/\/chaire-energie.bordeaux-inp.fr\/wp-content\/uploads\/2025\/04\/logo-irdl-300x164.png 300w, https:\/\/chaire-energie.bordeaux-inp.fr\/wp-content\/uploads\/2025\/04\/logo-irdl.png 732w\" sizes=\"(max-width: 300px) 100vw, 300px\" \/><\/a><\/div><a class=\"wp-block-latest-posts__post-title\" href=\"https:\/\/chaire-energie.bordeaux-inp.fr\/index.php\/2025\/04\/07\/these-a-lirdl-jumeau-numerique-base-sur-lapprentissage-automatique-pour-le-diagnostic-et-le-pronostic-des-defaillances-et-du-biofouling-des-hydroliennes\/\">Th\u00e8se \u00e0 l&#8217;IRDL : Jumeau num\u00e9rique bas\u00e9 sur l&#8217;apprentissage automatique pour le diagnostic et le pronostic des d\u00e9faillances et du biofouling des hydroliennes<\/a><time datetime=\"2025-04-07T08:00:50+00:00\" class=\"wp-block-latest-posts__post-date\">07\/04\/2025<\/time><div class=\"wp-block-latest-posts__post-excerpt\"><\/div><\/li>\n<\/ul><\/div>\n\n\n\n<div class=\"wp-block-gutena-tab gutena-tab-block gutena-tab-block-455a85-09 inactive\" data-tab=\"2\">\n<p class=\"has-contrast-color has-text-color has-link-color wp-elements-447845fe38c0ae8bc85b4896ee6e53b4\">Revenez d\u00e8s octobre 2025 pour des offres de stage M2 et M1 !<\/p>\n<\/div>\n<\/div><\/div>\n","protected":false},"excerpt":{"rendered":"<p>Cette page r\u00e9pertorie un ensemble d&#8217;offres de contrats de th\u00e8ses (publiques ou CIFRE) et de stages dans le p\u00e9rim\u00e8tre de la chaire, propos\u00e9es par la communaut\u00e9, dans le but de les partager plus largement aux publics vis\u00e9s (\u00e9l\u00e8ves en cours et en fin de formation). Ces offres ne sont pas financ\u00e9es par la chaire, ni [&hellip;]<\/p>\n","protected":false},"author":1,"featured_media":0,"parent":0,"menu_order":0,"comment_status":"closed","ping_status":"closed","template":"","meta":{"inline_featured_image":false,"footnotes":""},"_links":{"self":[{"href":"https:\/\/chaire-energie.bordeaux-inp.fr\/index.php\/wp-json\/wp\/v2\/pages\/241"}],"collection":[{"href":"https:\/\/chaire-energie.bordeaux-inp.fr\/index.php\/wp-json\/wp\/v2\/pages"}],"about":[{"href":"https:\/\/chaire-energie.bordeaux-inp.fr\/index.php\/wp-json\/wp\/v2\/types\/page"}],"author":[{"embeddable":true,"href":"https:\/\/chaire-energie.bordeaux-inp.fr\/index.php\/wp-json\/wp\/v2\/users\/1"}],"replies":[{"embeddable":true,"href":"https:\/\/chaire-energie.bordeaux-inp.fr\/index.php\/wp-json\/wp\/v2\/comments?post=241"}],"version-history":[{"count":20,"href":"https:\/\/chaire-energie.bordeaux-inp.fr\/index.php\/wp-json\/wp\/v2\/pages\/241\/revisions"}],"predecessor-version":[{"id":284,"href":"https:\/\/chaire-energie.bordeaux-inp.fr\/index.php\/wp-json\/wp\/v2\/pages\/241\/revisions\/284"}],"wp:attachment":[{"href":"https:\/\/chaire-energie.bordeaux-inp.fr\/index.php\/wp-json\/wp\/v2\/media?parent=241"}],"curies":[{"name":"wp","href":"https:\/\/api.w.org\/{rel}","templated":true}]}}

Offres de thèses et de stage

<div class="wp-block-group is-vertical is-layout-flex wp-container-core-group-layout-1 wp-block-group-is-layout-flex">
<p>Cette page répertorie un ensemble d&#8217;offres de contrats de thèses (publiques ou CIFRE) et de stages dans le périmètre de la chaire, proposées par la communauté, dans le but de les partager plus largement aux publics visés (élèves en cours et en fin de formation). Ces offres <span style="text-decoration: underline;">ne sont pas financées par la chaire</span>, ni même sponsorisées directement (sauf mention spéciale).</p>



<details class="wp-block-details is-style-default is-layout-flow wp-container-core-details-layout-1 wp-block-details-is-layout-flow" style="border-style:none;border-width:0px"><summary>P<span style="text-decoration: underline;">our les candidat·es</span></summary>
<p style="margin-right:var(--wp--preset--spacing--40);margin-left:var(--wp--preset--spacing--40)">Les personnes à contacter sont précisées dans chaque offre individuelle (en aucun cas la chaire ne relaiera une candidature qui lui serait envoyée).</p>
</details>



<details class="wp-block-details is-layout-flow wp-block-details-is-layout-flow"><summary><span style="text-decoration: underline;">Pour les employeurs</span></summary>
<p style="margin-right:var(--wp--preset--spacing--40);margin-left:var(--wp--preset--spacing--40)"><a href="https://chaire-energie.bordeaux-inp.fr/index.php/contact/" data-type="page" data-id="76">Transmettez nous</a> votre offre par email afin que nous la partagions !</p>
</details>
</div>



<hr class="wp-block-separator has-alpha-channel-opacity"/>



<div class="wp-block-gutena-tabs gutena-tabs-block gutena-tabs-block-d11879-aa"><ul class="gutena-tabs-tab tab-center"><li class="gutena-tab-title active" data-tab="1"><div class="gutena-tab-title-content icon-top"><div class="gutena-tab-title-text"><div>Thèses</div></div></div></li><li class="gutena-tab-title inactive" data-tab="2"><div class="gutena-tab-title-content icon-top"><div class="gutena-tab-title-text"><div>Stages</div></div></div></li></ul><div class="gutena-tabs-content is-layout-flow wp-block-tabs-is-layout-flow">
<div class="wp-block-gutena-tab gutena-tab-block gutena-tab-block-24bbef-1e active" data-tab="1"><ul class="wp-block-latest-posts__list has-dates wp-block-latest-posts"><li><div class="wp-block-latest-posts__featured-image"><a href="https://chaire-energie.bordeaux-inp.fr/index.php/2025/05/26/these-a-lifremer-generalization-of-the-tidal-turbine-wakes-dynamic-in-unsteady-operating-conditions/" aria-label="Thèse à l&#8217;IFREMER : Generalization of the tidal turbine wakes dynamic in unsteady operating conditions"><img loading="lazy" decoding="async" width="300" height="103" src="https://chaire-energie.bordeaux-inp.fr/wp-content/uploads/2025/05/Ifremer.svg-300x103.png" class="attachment-medium size-medium wp-post-image" alt="" style="max-width:150px;max-height:150px;" srcset="https://chaire-energie.bordeaux-inp.fr/wp-content/uploads/2025/05/Ifremer.svg-300x103.png 300w, https://chaire-energie.bordeaux-inp.fr/wp-content/uploads/2025/05/Ifremer.svg.png 512w" sizes="(max-width: 300px) 100vw, 300px" /></a></div><a class="wp-block-latest-posts__post-title" href="https://chaire-energie.bordeaux-inp.fr/index.php/2025/05/26/these-a-lifremer-generalization-of-the-tidal-turbine-wakes-dynamic-in-unsteady-operating-conditions/">Thèse à l&#8217;IFREMER : Generalization of the tidal turbine wakes dynamic in unsteady operating conditions</a><time datetime="2025-05-26T11:50:47+00:00" class="wp-block-latest-posts__post-date">26/05/2025</time><div class="wp-block-latest-posts__post-excerpt"></div></li>
<li><div class="wp-block-latest-posts__featured-image"><a href="https://chaire-energie.bordeaux-inp.fr/index.php/2025/04/07/these-a-lifp-energies-nouvelles-wind-energy-cost-minimization-by-wind-turbine-control-adaptation-to-wind-farm-flow-control/" aria-label="Thèse à l&#8217;IFP Énergies nouvelles : Wind energy cost minimization by wind turbine control adaptation to wind farm flow control"><img loading="lazy" decoding="async" width="298" height="136" src="https://chaire-energie.bordeaux-inp.fr/wp-content/uploads/2025/04/Logo_IFPEN.png" class="attachment-medium size-medium wp-post-image" alt="" style="max-width:150px;max-height:150px;" /></a></div><a class="wp-block-latest-posts__post-title" href="https://chaire-energie.bordeaux-inp.fr/index.php/2025/04/07/these-a-lifp-energies-nouvelles-wind-energy-cost-minimization-by-wind-turbine-control-adaptation-to-wind-farm-flow-control/">Thèse à l&#8217;IFP Énergies nouvelles : Wind energy cost minimization by wind turbine control adaptation to wind farm flow control</a><time datetime="2025-04-07T08:10:54+00:00" class="wp-block-latest-posts__post-date">07/04/2025</time><div class="wp-block-latest-posts__post-excerpt"></div></li>
<li><div class="wp-block-latest-posts__featured-image"><a href="https://chaire-energie.bordeaux-inp.fr/index.php/2025/04/07/these-a-lirdl-jumeau-numerique-base-sur-lapprentissage-automatique-pour-le-diagnostic-et-le-pronostic-des-defaillances-et-du-biofouling-des-hydroliennes/" aria-label="Thèse à l&#8217;IRDL : Jumeau numérique basé sur l&#8217;apprentissage automatique pour le diagnostic et le pronostic des défaillances et du biofouling des hydroliennes"><img loading="lazy" decoding="async" width="300" height="164" src="https://chaire-energie.bordeaux-inp.fr/wp-content/uploads/2025/04/logo-irdl-300x164.png" class="attachment-medium size-medium wp-post-image" alt="" style="max-width:150px;max-height:150px;" srcset="https://chaire-energie.bordeaux-inp.fr/wp-content/uploads/2025/04/logo-irdl-300x164.png 300w, https://chaire-energie.bordeaux-inp.fr/wp-content/uploads/2025/04/logo-irdl.png 732w" sizes="(max-width: 300px) 100vw, 300px" /></a></div><a class="wp-block-latest-posts__post-title" href="https://chaire-energie.bordeaux-inp.fr/index.php/2025/04/07/these-a-lirdl-jumeau-numerique-base-sur-lapprentissage-automatique-pour-le-diagnostic-et-le-pronostic-des-defaillances-et-du-biofouling-des-hydroliennes/">Thèse à l&#8217;IRDL : Jumeau numérique basé sur l&#8217;apprentissage automatique pour le diagnostic et le pronostic des défaillances et du biofouling des hydroliennes</a><time datetime="2025-04-07T08:00:50+00:00" class="wp-block-latest-posts__post-date">07/04/2025</time><div class="wp-block-latest-posts__post-excerpt"></div></li>
</ul></div>



<div class="wp-block-gutena-tab gutena-tab-block gutena-tab-block-455a85-09 inactive" data-tab="2">
<p class="has-contrast-color has-text-color has-link-color wp-elements-447845fe38c0ae8bc85b4896ee6e53b4">Revenez dès octobre 2025 pour des offres de stage M2 et M1 !</p>
</div>
</div></div>

<p>Cette page répertorie un ensemble d&#8217;offres de contrats de thèses (publiques ou CIFRE) et de stages dans le périmètre de la chaire, proposées par la communauté, dans le but de les partager plus largement aux publics visés (élèves en cours et en fin de formation). Ces offres ne sont pas financées par la chaire, ni [&hellip;]</p>
