{"id":31,"date":"2024-02-07T15:37:56","date_gmt":"2024-02-07T15:37:56","guid":{"rendered":"https:\/\/chaire-energie.bordeaux-inp.fr\/?page_id=31"},"modified":"2024-02-07T15:37:56","modified_gmt":"2024-02-07T15:37:56","slug":"dernieres-nouvelles","status":"publish","type":"page","link":"https:\/\/chaire-energie.bordeaux-inp.fr\/index.php\/dernieres-nouvelles\/","title":{"rendered":"Derni\u00e8res nouvelles"},"content":{"rendered":"\n<div class=\"wp-block-group is-vertical is-layout-flex wp-container-core-group-layout-1 wp-block-group-is-layout-flex\"><ul class=\"wp-block-latest-posts__list has-dates wp-block-latest-posts\"><li><a class=\"wp-block-latest-posts__post-title\" href=\"https:\/\/chaire-energie.bordeaux-inp.fr\/index.php\/2025\/10\/22\/en%c2%b7exp-cycle-de-conferences-simon-brillet-groupe-valorem-jeudi-6-novembre-2025-a-14h-enseirb-matmeca-amphi-b-energie-solaire-et-eolienne-en-france-etat-des-lieux-perspectives-et-enj\/\">[En\u00b7exp] Cycle de conf\u00e9rences : Simon Brillet (Groupe VALOREM) jeudi 6 novembre 2025 \u00e0 14h (ENSEIRB-MATMECA, amphi B) : \u00c9nergie solaire et \u00e9olienne en France : \u00e9tat des lieux, perspectives et enjeux techniques vus d\u2019un d\u00e9veloppeur<\/a><time datetime=\"2025-10-22T07:36:25+00:00\" class=\"wp-block-latest-posts__post-date\">22\/10\/2025<\/time><div class=\"wp-block-latest-posts__post-excerpt\">Simon Brillet, Directeur du Bureau d\u2019Etudes chez Groupe VALOREM interviendra dans le cadre du cycle des conf\u00e9rences pour nous partager son expertise sur le sujet de l&#8217;\u00e9nergie solaire et \u00e9olienne en France (\u00e9tat des lieux, perspectives et enjeux techniques vus d\u2019un d\u00e9veloppeur).Cette conf\u00e9rence est ouverte \u00e0 tout public et se tiendra le jeudi 6 novembre\u2026 <a href=\"https:\/\/chaire-energie.bordeaux-inp.fr\/index.php\/2025\/10\/22\/en%c2%b7exp-cycle-de-conferences-simon-brillet-groupe-valorem-jeudi-6-novembre-2025-a-14h-enseirb-matmeca-amphi-b-energie-solaire-et-eolienne-en-france-etat-des-lieux-perspectives-et-enj\/\" rel=\"noopener noreferrer\">Lire la suite<span class=\"screen-reader-text\">\u00a0: [En\u00b7exp] Cycle de conf\u00e9rences : Simon Brillet (Groupe VALOREM) jeudi 6 novembre 2025 \u00e0 14h (ENSEIRB-MATMECA, amphi B) : \u00c9nergie solaire et \u00e9olienne en France : \u00e9tat des lieux, perspectives et enjeux techniques vus d\u2019un d\u00e9veloppeur<\/span><\/a><\/div><\/li>\n<li><a class=\"wp-block-latest-posts__post-title\" href=\"https:\/\/chaire-energie.bordeaux-inp.fr\/index.php\/2025\/10\/22\/nouveau-mecene-groupe-valorem\/\">Nouveau m\u00e9c\u00e8ne : Groupe VALOREM<\/a><time datetime=\"2025-10-22T07:31:28+00:00\" class=\"wp-block-latest-posts__post-date\">22\/10\/2025<\/time><div class=\"wp-block-latest-posts__post-excerpt\">Au 1er septembre 2025, Groupe VALOREM s&#8217;engage dans la chaire en tant que m\u00e9c\u00e8ne. Nous remercions le groupe et ses \u00e9quipes pour leur engagement dans le projet, dans les objectifs que nous partageons !<\/div><\/li>\n<li><a class=\"wp-block-latest-posts__post-title\" href=\"https:\/\/chaire-energie.bordeaux-inp.fr\/index.php\/2025\/01\/14\/conference-robin-girard\/\">[En\u00b7exp] Cycles de Conf\u00e9rences : Robin Girard le 23 janvier 2025 \u00e0 15h : D\u00e9carbonation de notre \u00e9conomie : le miracle de l&#8217;\u00e9lectrification et ses limites<\/a><time datetime=\"2025-01-14T15:03:58+00:00\" class=\"wp-block-latest-posts__post-date\">14\/01\/2025<\/time><div class=\"wp-block-latest-posts__post-excerpt\">Robin Girard, Directeur de Recherche aux MINES Paris PSL &#8211; PERSEE center &#8211; ERSEI group, pr\u00e9sentera une conf\u00e9rence, jeudi 23 janvier 2025 \u00e0 15h, dans l&#8217;amphith\u00e9\u00e2tre G de Bordeaux INP\/ENSEIRB-MATMECA, au sujet de la &#8220;d\u00e9carbonation de notre \u00e9conomie : le miracle de l&#8217;\u00e9lectrification et ses limites&#8220;. Un temps d&#8217;\u00e9changes avec l&#8217;intervenant suivra et se terminera\u2026 <a href=\"https:\/\/chaire-energie.bordeaux-inp.fr\/index.php\/2025\/01\/14\/conference-robin-girard\/\" rel=\"noopener noreferrer\">Lire la suite<span class=\"screen-reader-text\">\u00a0: [En\u00b7exp] Cycles de Conf\u00e9rences : Robin Girard le 23 janvier 2025 \u00e0 15h : D\u00e9carbonation de notre \u00e9conomie : le miracle de l&#8217;\u00e9lectrification et ses limites<\/span><\/a><\/div><\/li>\n<li><a class=\"wp-block-latest-posts__post-title\" href=\"https:\/\/chaire-energie.bordeaux-inp.fr\/index.php\/2024\/09\/04\/lancement-du-certificat-energie\/\">Lancement du &#8220;Certificat \u00c9nergie&#8221;<\/a><time datetime=\"2024-09-04T07:46:54+00:00\" class=\"wp-block-latest-posts__post-date\">04\/09\/2024<\/time><div class=\"wp-block-latest-posts__post-excerpt\">En cette rentr\u00e9e universitaire 2024\/2025, le Certificat \u00c9nergie de la chaire est officiellement lanc\u00e9. Il va permettre aux \u00e9tudiant\u00b7e\u00b7s inscrit\u00b7e\u00b7s de b\u00e9n\u00e9ficier d&#8217;une reconnaissance pour leur engagement dans les th\u00e9matiques de la chaire, par l&#8217;ajout d&#8217;un suppl\u00e9ment au dipl\u00f4me. Pour son obtention, les participant\u00b7e\u00b7s devront suivre un certain nombre d&#8217;interventions\/cours\/workshop d\u00e9di\u00e9s, r\u00e9aliser leurs projets et\u2026 <a href=\"https:\/\/chaire-energie.bordeaux-inp.fr\/index.php\/2024\/09\/04\/lancement-du-certificat-energie\/\" rel=\"noopener noreferrer\">Lire la suite<span class=\"screen-reader-text\">\u00a0: Lancement du &#8220;Certificat \u00c9nergie&#8221;<\/span><\/a><\/div><\/li>\n<li><a class=\"wp-block-latest-posts__post-title\" href=\"https:\/\/chaire-energie.bordeaux-inp.fr\/index.php\/2024\/01\/01\/premiers-pas-de-la-chaire\/\">Premiers pas de la chaire !<\/a><time datetime=\"2024-01-01T08:09:43+00:00\" class=\"wp-block-latest-posts__post-date\">01\/01\/2024<\/time><div class=\"wp-block-latest-posts__post-excerpt\">Avec l&#8217;arriv\u00e9e du premier m\u00e9c\u00e8ne OPMobility, au 1\u00b0 janvier 2024, la chaire fait ses premiers pas et va initier, sur le premier semestre 2024, ses premi\u00e8res actions concr\u00e8tes\u2026 \u00c0 suivre dans les mois \u00e0 venir !<\/div><\/li>\n<\/ul><\/div>\n","protected":false},"excerpt":{"rendered":"","protected":false},"author":1,"featured_media":0,"parent":0,"menu_order":0,"comment_status":"closed","ping_status":"closed","template":"","meta":{"inline_featured_image":false,"footnotes":""},"_links":{"self":[{"href":"https:\/\/chaire-energie.bordeaux-inp.fr\/index.php\/wp-json\/wp\/v2\/pages\/31"}],"collection":[{"href":"https:\/\/chaire-energie.bordeaux-inp.fr\/index.php\/wp-json\/wp\/v2\/pages"}],"about":[{"href":"https:\/\/chaire-energie.bordeaux-inp.fr\/index.php\/wp-json\/wp\/v2\/types\/page"}],"author":[{"embeddable":true,"href":"https:\/\/chaire-energie.bordeaux-inp.fr\/index.php\/wp-json\/wp\/v2\/users\/1"}],"replies":[{"embeddable":true,"href":"https:\/\/chaire-energie.bordeaux-inp.fr\/index.php\/wp-json\/wp\/v2\/comments?post=31"}],"version-history":[{"count":2,"href":"https:\/\/chaire-energie.bordeaux-inp.fr\/index.php\/wp-json\/wp\/v2\/pages\/31\/revisions"}],"predecessor-version":[{"id":33,"href":"https:\/\/chaire-energie.bordeaux-inp.fr\/index.php\/wp-json\/wp\/v2\/pages\/31\/revisions\/33"}],"wp:attachment":[{"href":"https:\/\/chaire-energie.bordeaux-inp.fr\/index.php\/wp-json\/wp\/v2\/media?parent=31"}],"curies":[{"name":"wp","href":"https:\/\/api.w.org\/{rel}","templated":true}]}}